Suppose f*v = 7*v - 75. What is the units digit of v?
5
Let l be ((-9)/3 - -4) + 281. Suppose 2*i + 3*i = -4*c + 276, -5*i + 2*c + l = 0. What is the tens digit of i?
5
Let i(h) = 13*h + 1. Let j(t) = 104*t + 9. Let c(d) = 51*i(d) - 6*j(d). Let b(k) = -13*k + 1. Let o(g) = -11*b(g) - 4*c(g). What is the tens digit of o(-1)?
1
Suppose -3*j + 1 = 6*h - 2*h, 2*j - 6 = -4*h. Let c = 66 + j. What is the tens digit of c?
6
Let f = 9986 + -5838. What is the thousands digit of f?
4
Let j(y) = 4*y**2 - 14*y - 27. What is the hundreds digit of j(-9)?
4
Let m(p) = 8*p**2 + p - 4. Let w be m(-3). What is the tens digit of 0 + (w + -2)/1?
6
Suppose 3*i = 3*m + 255, 2*i + 0*i = -2*m + 174. Let t be (-2)/(1/(-3)*1/2). Suppose -2*j + i = 4*v, -t = -j - v + 28. What is the units digit of j?
7
Let t be (-2)/9 - 7026/(-27). What is the hundreds digit of (-99)/12*t/(-15)?
1
Let s(v) = 10*v - 2. Let t be s(1). Suppose 0 = -4*w + j - 2*j + t, -5*w + 2*j = -10. What is the units digit of 55/w + 12/8?
9
Let o be (-6)/(-15) - 36/(-10). Suppose 8*a = o*a + 20. What is the tens digit of 216/60*1*a?
1
Let f(b) = 2*b**2 - 6*b + 8. Let w be f(7). Let o = w + -14. What is the units digit of o?
0
Let a be 200/(-6) + (-2)/(-6). Let c = a + 53. What is the tens digit of c?
2
Suppose -3*h + 2648 - 552 = 4*f, 4*f - 20 = 0. What is the units digit of h?
2
Let b(y) = y**2 + 165. Let g = -59 + 59. What is the tens digit of b(g)?
6
Suppose 12*u - 13*u = 0. Suppose -3*g - 27 = -8*g - 3*f, 2*g + 5*f - 26 = u. Suppose -24 = -g*d + d - y, 0 = 5*d + 3*y - 59. What is the units digit of d?
3
Suppose 5*j = -4*n + j + 1048, 3*n - 5*j - 762 = 0. What is the hundreds digit of n?
2
Suppose -4*o + 194 = 5*l - 6*o, o - 123 = -3*l. Let f = 81 - l. What is the units digit of f?
1
Suppose -f + 3 = 0, -g + 5*f - 9 = -0*f. Suppose -8*h + 390 = -g*h. What is the units digit of h/(-26)*4/(-6)?
5
Suppose -3*w + 50 = 4*a, 3*a - 3*w + 17 = 4*a. Let h(q) = 5*q + 34. Let c(k) = k + 7. Let t(d) = a*c(d) - 2*h(d). What is the units digit of t(0)?
9
What is the hundreds digit of (-4)/(-7) + (-75702)/(-42)?
8
Suppose 10*y - 9*y + 1 = 0. Let w(p) = -29*p + 6. What is the tens digit of w(y)?
3
Suppose -5*b + 33 = 48. Let k be 2/b - 6/(-9). Suppose k*u + 352 = 8*u. What is the tens digit of u?
4
What is the tens digit of 11322/10 - 0 - (-5)/(-25)?
3
Suppose -4*w - 5052 = -3*y, -6717 = y - 5*y - w. What is the units digit of y?
0
Suppose -25287 - 12149 = -98*d. What is the hundreds digit of d?
3
Let w(x) = -x**2 - 13*x - 9. Let g be w(-12). Suppose g*f = 5*l + 19, 4*f - 16 = -2*l + 4*l. Suppose f*p - 81 = -9. What is the units digit of p?
4
Let i = -2485 + 4192. What is the hundreds digit of i?
7
Suppose 4*m - 2211 = 753. What is the hundreds digit of m?
7
Suppose 9*s - 3510 = 1908. What is the tens digit of s?
0
Let t = -11 - -13. Let q(g) = 2*g - 1 + g**2 + 0 + 7 + 0*g**t. What is the units digit of q(6)?
4
Suppose 0 = -7*v + 5147 - 779. What is the units digit of v?
4
Suppose 3*g = 5500 + 1724. What is the units digit of g?
8
Let h(f) = -f + 18. Let i be h(15). What is the tens digit of 62*i*(-3)/(-18)?
3
Let o = -8 - -134. Suppose -4*d + 3*d = -o. What is the tens digit of d?
2
Let j be 172/(-14) - 26/(-91). Let n(u) = -4*u - 10. What is the units digit of n(j)?
8
Let p = 60 + -60. What is the tens digit of (-6)/15 + p + 144/10?
1
Let v(q) = 8*q + 93. Let k be v(-11). Suppose 3*y = -5*n + 29, -y + 11 + 8 = 4*n. Suppose n*f + f - 112 = 4*c, k*f + 4*c = 88. What is the units digit of f?
0
Suppose -w + 5*w = 1276. Suppose -w - 83 = -3*n. Let q = n - 96. What is the units digit of q?
8
Let a be -3 + (-2 - -27) + -2. Let t = a + 1. What is the tens digit of (18/t)/(3/42)?
1
Let k(q) = q**2 - q - 3. Let y(b) = -5*b**3 - 5*b + 2. Let c(u) = u**3 + u. Let r(s) = -6*c(s) - y(s). Let p be r(0). What is the units digit of k(p)?
3
Suppose 45*c - 104156 = -6011. What is the tens digit of c?
8
Suppose -3*c + 42 = -60. Let j = 63 - c. What is the units digit of j?
9
Let j be ((-10)/(-6))/((-1)/(-18)). Let w be j - (0 + 1)*3. Suppose -5*h - 2*i = -67, -4*h - 2*i + 25 = -w. What is the units digit of h?
5
Let a be -5 + 20/4 - -3*1. Suppose 3*v - 2*v = 3, -495 = -3*r + a*v. What is the tens digit of r?
6
Let k be -1 + 1*(1 + -4). Let m be k/(-6)*81/2. Suppose -m = -4*v + 45. What is the units digit of v?
8
Let c be (-4*6/48)/((-2)/124). Suppose u = 0, -5*u + c = 4*s - 33. What is the tens digit of s?
1
Let y(s) = 739*s**2 - 53*s + 7. What is the hundreds digit of y(2)?
8
Let f(r) = -r**2 - 14*r - 9. Let v be f(-13). Suppose -27 = -g - v*c + 2, -2*g + 30 = c. What is the units digit of g?
3
Suppose 4*g - 2*g - 766 = 4*b, -2*b + 1181 = 3*g. What is the units digit of g?
1
Let h(d) = 4*d**3 - 12*d**2 - 13*d - 7. What is the hundreds digit of h(6)?
3
Let q = -1770 + 2625. What is the units digit of q?
5
Let o(c) = c**3 - c**2 - 6*c + 628. What is the hundreds digit of o(0)?
6
What is the units digit of (-2929)/(-6) + 335/402?
9
Let w be (1/(-1))/(3/(-9)). Suppose 0*i + 5*i = w*g + 560, 2*g + 224 = 2*i. What is the tens digit of i?
1
Let j be (4 + -4)/(0 - 1). Suppose 5*l + 259 = b - j*l, 0 = -5*b + l + 1391. What is the hundreds digit of b?
2
Let m be 16 + -5 + (3 - 4). Suppose p - 62 = -m. What is the tens digit of p?
5
Suppose -j = 2*j - 15, -j = 3*x - 3962. What is the tens digit of x?
1
Let a(l) = 4*l**2 + 0*l**2 + 2*l - 7*l**2 - 3 + 0*l. Let z be a(5). What is the tens digit of (9/(-18))/(2/z)?
1
Let a(u) = u**2 + 5*u + 91. What is the tens digit of a(-30)?
4
What is the hundreds digit of (0 + -3 - (-11)/5)*-3060?
4
Let t(a) = 5*a**2 + 35*a + 9. Let x(h) = 9*h**2 + 70*h + 19. Let p(i) = 5*t(i) - 3*x(i). What is the units digit of p(-16)?
6
Suppose 15*l = -14*l + 13833. What is the units digit of l?
7
Let j(v) = v**2 + v - 1. Let a be j(-3). Suppose -a*q + 332 = 12. Suppose 0*u - q = -4*u. What is the units digit of u?
6
Let w(c) = -44*c - 874. What is the hundreds digit of w(-54)?
5
Let g = 570 + -443. What is the hundreds digit of g?
1
Let t(r) = 3*r**2 + 3*r. Suppose 2*x + 3*d - 21 = 4*x, x = -5*d + 22. Let f be t(x). Suppose -b = -2*b + f. What is the units digit of b?
8
Suppose 3*f - 4*j = 1205, -6*f + 1612 = -2*f - 4*j. What is the units digit of f?
7
Suppose 4*t + 4*p - 60 = 0, t + 4*t - 2*p - 89 = 0. Let d(f) be the first derivative of -f**3/3 + 19*f**2/2 - 13*f - 1. What is the tens digit of d(t)?
2
Let w = 1519 - 644. What is the tens digit of w?
7
Let f = -25 + 45. Let g = f - 7. What is the units digit of g?
3
Let f be 14*((-54)/(-4))/9. Let h = 38 - f. What is the tens digit of h?
1
What is the thousands digit of 3 + -14 + -25 + 5616?
5
Suppose 4*n + 2*p = 496, -5*n - p + 607 = -5*p. Let h = n - -9. What is the tens digit of h?
3
Suppose 792 = 17*i - 13*i. Suppose 7*x - 19 - i = 0. What is the tens digit of x?
3
Suppose 0 = 5*t + 5*h - 4715, 2*t - 3*h - 303 = 1563. What is the hundreds digit of t?
9
Let c be (-574)/34 + (-34)/289. Suppose -2*s - 4*m = s - 67, -2*m + 86 = 4*s. Let j = c + s. What is the units digit of j?
4
Let i(m) = 23*m**2 + 2*m - 1. Let p be (-4)/8*(0 + -2). Let n be i(p). Let b = 42 - n. What is the tens digit of b?
1
Let m(p) = -p**3 + 24*p**2 - 44*p + 6. Let d be m(22). Suppose 7*b + d*b - 1014 = 0. What is the units digit of b?
8
Let i = -189 - -273. Suppose 4 = v - i. Suppose v = 3*d - 50. What is the tens digit of d?
4
Let c be -1 + (-13)/(-15) - (-22957)/165. Let t = -82 + c. What is the tens digit of t?
5
What is the units digit of 2/7 + (-43582)/(-98) + -5?
0
Suppose 15*z = 3*z + 8*z. Suppose -t = 5*h - 120, z*h + 4*h = 3*t - 379. What is the units digit of t?
5
Suppose 19*l = 15*l + 20. Suppose 0 = -l*j - 2*a + 346, -2*a + 0*a = j - 66. What is the tens digit of j?
7
Let w(k) be the third derivative of 13*k**5/60 - k**4/24 - k**3/3 + 3*k**2. What is the tens digit of w(2)?
4
Let q be 88/14 - 2/7. Suppose 5*h = q - 16. What is the units digit of (2/(-2))/(h/52)?
6
Let p = -190 - -431. What is the hundreds digit of p?
2
Suppose 6*x = 13*u - 8*u - 7059, 0 = 4*x - 4. What is the thousands digit of u?
1
Let a be (56/(-6))/((-2)/6). Let q = 1 - 1. Suppose -3*l + 12 = q, -3*k + 2*l = k - a. What is the units digit of k?
9
Let u(y) = 2*y + 6. Let r be u(-3). Suppose 10*p - 13*p + 12 = r. Su